{"id":504,"date":"2024-04-10T11:11:09","date_gmt":"2024-04-10T09:11:09","guid":{"rendered":"https:\/\/pinot.vinnovation.fr\/?post_type=product&#038;p=504"},"modified":"2024-04-10T11:41:02","modified_gmt":"2024-04-10T09:41:02","slug":"le-blanc-des-collines","status":"publish","type":"product","link":"https:\/\/pinot.vinnovation.fr\/?product=le-blanc-des-collines","title":{"rendered":"Le blanc des Collines"},"content":{"rendered":"<p><span style=\"font-weight: 400;\">&#8220;Le Blanc des Collines&#8221; est une expression \u00e9l\u00e9gante de Marsanne et Roussanne, perles de l&#8217;AOP Languedoc, \u00e9lev\u00e9es avec soin un an en f\u00fbts pour enrichir leur palette aromatique. Ce vin blanc se distingue par sa texture velout\u00e9e et ses ar\u00f4mes complexes de fruits \u00e0 chair blanche, de fleurs sauvages, et d&#8217;un subtil bois\u00e9 vanill\u00e9 qui \u00e9veille les sens. Sa bouche, \u00e0 la fois riche et fra\u00eeche, r\u00e9v\u00e8le des notes d\u00e9licates de p\u00eache, d&#8217;abricot et d&#8217;amande, finissant sur une touche min\u00e9rale \u00e9clatante. &#8220;Le Blanc des Collines&#8221; est un hommage \u00e0 la finesse et \u00e0 l&#8217;harmonie, id\u00e9al pour accompagner des mets d\u00e9licats tels que des poissons en sauce ou des fromages de ch\u00e8vre.<\/span><\/p>\n","protected":false},"excerpt":{"rendered":"<p>&#8220;Le Blanc des Collines&#8221; est une expression \u00e9l\u00e9gante de Marsanne et Roussanne, perles de l&#8217;AOP Languedoc, \u00e9lev\u00e9es avec soin un<\/p>\n","protected":false},"featured_media":506,"comment_status":"closed","ping_status":"closed","template":"","meta":[],"product_cat":[16],"product_tag":[],"class_list":{"0":"post-504","1":"product","2":"type-product","3":"status-publish","4":"has-post-thumbnail","6":"product_cat-uncategorized","8":"first","9":"instock","10":"shipping-taxable","11":"purchasable","12":"product-type-simple"},"_links":{"self":[{"href":"https:\/\/pinot.vinnovation.fr\/index.php?rest_route=\/wp\/v2\/product\/504"}],"collection":[{"href":"https:\/\/pinot.vinnovation.fr\/index.php?rest_route=\/wp\/v2\/product"}],"about":[{"href":"https:\/\/pinot.vinnovation.fr\/index.php?rest_route=\/wp\/v2\/types\/product"}],"replies":[{"embeddable":true,"href":"https:\/\/pinot.vinnovation.fr\/index.php?rest_route=%2Fwp%2Fv2%2Fcomments&post=504"}],"wp:featuredmedia":[{"embeddable":true,"href":"https:\/\/pinot.vinnovation.fr\/index.php?rest_route=\/wp\/v2\/media\/506"}],"wp:attachment":[{"href":"https:\/\/pinot.vinnovation.fr\/index.php?rest_route=%2Fwp%2Fv2%2Fmedia&parent=504"}],"wp:term":[{"taxonomy":"product_cat","embeddable":true,"href":"https:\/\/pinot.vinnovation.fr\/index.php?rest_route=%2Fwp%2Fv2%2Fproduct_cat&post=504"},{"taxonomy":"product_tag","embeddable":true,"href":"https:\/\/pinot.vinnovation.fr\/index.php?rest_route=%2Fwp%2Fv2%2Fproduct_tag&post=504"}],"curies":[{"name":"wp","href":"https:\/\/api.w.org\/{rel}","templated":true}]}}